= 2*v - 5*s - 53, -82 - 62 = -5*v + s. Suppose 0 = 5*t + 23 - 63. Calculate the remainder when v is divided by t.
5
Let x = 1621 - 1451. What is the remainder when 3737 is divided by x?
167
Let v = 96 - 53. Suppose -5*w + 196 = 4*h, 2*w - v - 219 = -5*h. What is the remainder when h is divided by 19?
16
Let m = -110 + 437. Calculate the remainder when m is divided by 15.
12
Let v = -37 - -63. Let y = v - 16. Calculate the remainder when 72/(-468) - 472/(-26) is divided by y.
8
Suppose 0 = 2*b + p + 2, 4*b + 10 - 30 = 4*p. What is the remainder when 52/5 - 6/15 is divided by -13 + 11 + b*5?
1
Let m(f) = -4*f**2 + 125*f - 124. Calculate the remainder when m(30) is divided by 6/(-10) + (-664)/(-40).
10
Suppose -5*l - 3*s + 216 = 0, -2*l - 3*s + 7*s + 102 = 0. Calculate the remainder when 175 is divided by l.
40
Suppose -6*v - 2 = -62. Let s be (15/v)/((-3)/(-4)). Suppose -s*c - 13 = -3*c. What is the remainder when 25 is divided by c?
12
Let j(g) = 2*g + 3. Let b be j(0). Suppose -5*o + c + 65 = 6*c, -53 = -4*o - b*c. Calculate the remainder when o is divided by 10.
4
Suppose 636 = -6*f + 708. Calculate the remainder when 321 is divided by f.
9
Suppose -5*k + 183 - 48 = 0. Calculate the remainder when (-4)/4 + 316/4 is divided by k.
24
Suppose 4*w - 536 = -4*c, -4*w = -3*c + 234 + 182. Calculate the remainder when c is divided by 36.
28
Suppose 3*z - j = 7*z - 87, 5*z + j - 108 = 0. What is the remainder when 56 is divided by z?
14
Calculate the remainder when 191 is divided by 10*-1*3*(-88)/40.
59
Suppose -l - 2*l + 26 = -a, -l = a + 30. Let c = 18 - a. Calculate the remainder when 185 is divided by c.
44
Suppose -3*w = -14*w. Suppose 111*q - 105*q - 522 = w. What is the remainder when q is divided by 23?
18
Suppose -9*c - 234 = 72. Calculate the remainder when 16/4 - 4 - c is divided by 7.
6
Let i(a) = a**3 + 5*a - 1. Suppose 0 = 6*b - 17 + 5. What is the remainder when 67 is divided by i(b)?
16
Suppose 0 = 7*g - 403 + 354. What is the remainder when 111 is divided by g?
6
Let c(i) = 27*i + 9. Let u(j) = -9*j - 3. Let o(g) = -4*c(g) - 11*u(g). Calculate the remainder when 57 is divided by o(-1).
3
Let j(x) be the first derivative of x**4/4 - 13*x**3/3 + x**2 + 2*x + 22. What is the remainder when 223 is divided by j(13)?
27
Calculate the remainder when 106 is divided by 2*(-2 + 7 + 6).
18
Let q = 715 + -531. What is the remainder when q is divided by 19?
13
Suppose -a - 2*y = -1 - 1, 5*a + 5*y + 5 = 0. Let u(i) = i**3 + 6*i**2 + 5*i + 7. What is the remainder when u(a) is divided by 5?
4
Suppose 4*c - 80 - 24 = 0. Let v = 69 - c. Suppose -4*t + 81 = -v. Calculate the remainder when t is divided by 8.
7
Let d(y) = 4 + 3 + 2 - 2*y - 3. Let z be d(3). Suppose 3*j = 5*j + 2*t, z = 5*t + 20. Calculate the remainder when 19 is divided by j.
3
Let c = 7 - 8. Let b = 280 + -177. Calculate the remainder when b is divided by -5*(52/10)/c.
25
Let j(v) = 18*v - 23. Calculate the remainder when 43 is divided by j(2).
4
Suppose u + 3*t = 216, -3*t - 5 - 7 = 0. Calculate the remainder when u is divided by 23.
21
Let i(n) = n**3 + 12*n**2 + 28*n + 4. Calculate the remainder when i(-7) is divided by 18.
17
Suppose -925 - 2745 = -10*z. What is the remainder when z is divided by 7?
3
Let q be 2/((-6)/4 - -2). Suppose -v = 3*z - 17, -3*v + 0*v + 44 = 2*z. Let p = v - q. Calculate the remainder when 28 is divided by p.
8
Let z(f) = -f**2 - 7*f. Let x be z(-7). Suppose 5*b - b - 20 = x. Calculate the remainder when 14 is divided by b.
4
Let r(q) = -q**3 + 8*q**2 - 6*q + 9. Let b = 74 - 39. Suppose 0 = -5*d + 2*u + b, -4*d + 10 = d + 3*u. What is the remainder when r(d) is divided by 14?
12
Suppose 0 = -i + 5*c + 12, -106 = -14*i + 9*i + 2*c. Calculate the remainder when 257 is divided by i.
15
Suppose -25 = -f - 2*y, 0*f = -3*f - 3*y + 60. Suppose -80 = -2*m + 4*b, m = 5*b + 48 + 7. What is the remainder when (-5)/m + 1396/24 is divided by f?
13
Let m be (-1 - 5)*(-20)/(-15). Let y = m - -8. Suppose y = 4*b + 4, -b = f + 1 - 2. What is the remainder when f is divided by 1?
0
Let u(t) = t + 21. Let k be u(-19). Suppose -5*p + 14 = 2*v - 2*p, -k*v - p + 14 = 0. Calculate the remainder when 18 is divided by v.
4
Let o = 6 - 4. Suppose -5*q + 12 = -o*q. Suppose 5*s = 5*d + 235, 0*d = 4*d - q. Calculate the remainder when s is divided by 17.
14
Calculate the remainder when 86 is divided by (-10 - 5877/(-72)) + (-6)/(-16).
14
Suppose 1077*l - 13097 = 1070*l. Calculate the remainder when l is divided by 78.
77
Suppose 0 = o - 0*o - 83. Let c = 125 - o. What is the remainder when c is divided by 30*((-4)/(-10) + 12/120)?
12
Calculate the remainder when 935/(-17)*6/(-5) is divided by 20.
6
Suppose 0*l = 4*l - 8. Suppose -o = -l*o + 37. Let m(q) = -q**3 - 6*q**2 - 4*q - 4. What is the remainder when o is divided by m(-6)?
17
Let l be (2 + -1)/((-1)/13). Suppose 112 = -5*x + 4*u, -x + 2*x + 11 = -3*u. Let o = l - x. Calculate the remainder when o is divided by 3.
1
Let d(l) = -l**2 - 8*l - 20. Let m be d(-10). Let c = 55 + m. Calculate the remainder when 29 is divided by c.
14
What is the remainder when 11 is divided by (-17 + 18)/((-1 + 0)/(-8))?
3
Suppose 4*s - 21 - 19 = 0. Let y = -14 - -17. Calculate the remainder when s is divided by y.
1
What is the remainder when (-1262)/(-10) - (-1)/(-5) is divided by 19?
12
Let h(a) be the first derivative of -a**2/2 - 8*a + 9. Let d be h(-6). Calculate the remainder when d + 264/(1 + 3) is divided by 17.
13
Let g(y) = -2*y**2 + 15*y - 18. Calculate the remainder when 69 is divided by g(5).
6
Suppose 0 = -3*l + 2*l - 2*b - 1, -l + 2*b = -11. Let q = -1 + l. Calculate the remainder when 19 is divided by q.
3
Suppose -l - 41 = -3*u - 10, -u - 3*l + 7 = 0. Calculate the remainder when 117 is divided by u.
7
What is the remainder when (426/(-12) + 8)*66/(-5) is divided by 13?
12
Suppose -t = 5*u - 2*t - 73, 0 = t + 3. Calculate the remainder when 39 is divided by u.
11
Let o(w) = 2*w - 12. Suppose 3*s - 102 = -90. What is the remainder when o(9) is divided by s?
2
Let m = -2 - 6. Let l(k) = k**3 + 8*k**2 - 2*k + 1. What is the remainder when (-1)/(-2) + 122/4 is divided by l(m)?
14
Suppose 4 = j - 67. Suppose 72 = 1288*o - 1282*o. What is the remainder when j is divided by o?
11
Let n(r) = r + 19. Let k(w) = 9*w**2 - 6*w - 1. Calculate the remainder when k(3) is divided by n(-6).
10
Let m(u) = 103*u + 38. Calculate the remainder when m(2) is divided by 50.
44
Let p = -499 + 597. Calculate the remainder when p is divided by 16.
2
Let w(g) = 22*g**2 + 2*g - 1. Let u(a) = -2*a**3 - 18*a**2 - 42*a - 32. Calculate the remainder when u(-7) is divided by w(1).
20
What is the remainder when (1 + (-18)/12)*-34 is divided by 10?
7
Let h(k) = -10*k**2 - 29*k + 1. Let s(u) = -15*u**2 - 44*u + 1. Let y(v) = -8*h(v) + 5*s(v). Calculate the remainder when y(-6) is divided by 27.
24
Let v = -179 + 194. What is the remainder when 51 is divided by v?
6
Suppose -5*r = -5*y + 680, -5*y + 706 - 34 = -r. Calculate the remainder when y is divided by 17.
15
Suppose 3*c - 8*c + 170 = 0. Let d = 2126 - 2059. Calculate the remainder when d is divided by c.
33
Suppose -u = -3*q - q - 37, 0 = 5*q + 25. Suppose 15*k - 96 = u*k. Calculate the remainder when 26 is divided by k/4*6/(-8).
8
Let n(b) = -3*b + 44. Suppose -3*s - 119 = -161. Calculate the remainder when 2 is divided by n(s).
0
Suppose 2*a - 100 = -2*a. Let k = -119 + 132. What is the remainder when a is divided by k?
12
Suppose -s = -g - 2, 5*g = -0*g + 20. Suppose -8*v = -s*v - 10. Calculate the remainder when (3 - v) + 12*6 is divided by 24.
22
Let m = -67 - -308. What is the remainder when m is divided by 82?
77
Let m = -380 + 476. What is the remainder when m is divided by 33?
30
Let w(r) = -r**3 - 12*r**2 + 12*r - 5. What is the remainder when 238 is divided by w(-13)?
6
Let b(r) = -2*r**2 - 2*r + 4. Let t be b(2). Let q(s) = s**3 + s**2 - s + 33. Calculate the remainder when q(0) is divided by 22 + t/((-2)/(-1)).
15
Suppose -4*d = 3*a - 101, 0*d = -4*a + d + 103. Let b(m) = 6*m**2 - 3*m - 1. Calculate the remainder when b(-4) is divided by a.
26
Let v(j) = -10*j**2 - 79*j - 9. Suppose 3 - 9 = 3*k. What is the remainder when v(-7) is divided by (-14)/(0 + 1 + k)?
12
Let d = 66 + -63. Suppose 0 = d*